{"id":23315,"date":"2017-10-10T23:01:51","date_gmt":"2017-10-10T20:01:51","guid":{"rendered":"https:\/\/pintest.info.tr\/?page_id=23315"},"modified":"2020-04-30T14:36:17","modified_gmt":"2020-04-30T11:36:17","slug":"agir-metal-olcumu","status":"publish","type":"page","link":"https:\/\/pintest.info.tr\/?page_id=23315","title":{"rendered":"A\u011eIR METAL \u00d6L\u00c7\u00dcM\u00dc"},"content":{"rendered":"<section class=\"l-section wpb_row height_auto\" style=\"margin-top: -100px !important;\"><div class=\"l-section-h i-cf\"><div class=\"g-cols type_default valign_top\"><div class=\"vc_col-sm-12 wpb_column vc_column_container\"><div class=\"vc_column-inner\"><div class=\"wpb_wrapper\">[vc_empty_space height=&#8221;100&#8243;][vc_custom_heading text=&#8221;A\u011eIR METAL \u00d6L\u00c7\u00dcM\u00dc&#8221; google_fonts=&#8221;font_family:Anton%3Aregular|font_style:400%20regular%3A400%3Anormal&#8221;]<\/div><\/div><\/div><\/div><\/div><\/section><section class=\"l-section wpb_row height_auto\" style=\"padding-top: -50px !important;padding-bottom: -50px !important;\"><div class=\"l-section-h i-cf\"><div class=\"g-cols type_default valign_middle\"><div class=\"vc_col-sm-12 wpb_column vc_column_container\"><div class=\"vc_column-inner\"><div class=\"wpb_wrapper\">[vc_empty_space height=&#8221;20px&#8221;]\n\t<div class=\"wpb_text_column \">\n\t\t<div class=\"wpb_wrapper\">\n\t\t\t<p>\u0130\u015fyerlerinde i\u015fin yap\u0131lmas\u0131 esnas\u0131nda ne ile \u00e7al\u0131\u015f\u0131rsan\u0131z \u00e7al\u0131\u015f\u0131n ortamda zararl\u0131 gazlar, tozla ve metaller olabilir. \u00d6zellikle a\u011f\u0131r sanayi dedi\u011fimiz bir\u00e7ok de\u011fi\u015fken ve bile\u015fenin olabilece\u011fi i\u015fyerlerinde, fabrika, maden veya \u015fantiyelerde kar\u015f\u0131m\u0131za \u00e7\u0131kan ve ancak \u00f6zel laboratuvar cihazlar\u0131 ile \u00f6l\u00e7\u00fcm\u00fc yap\u0131labilen a\u011f\u0131r metaller bulunmakta ve i\u015f\u00e7inin hem o anda hem de uzun vade de meslek hastal\u0131\u011f\u0131 kapmas\u0131na neden olmaktad\u0131r.<\/p>\n\n\t\t<\/div>\n\t<\/div>\n[vc_empty_space height=&#8221;0px&#8221;]<\/div><\/div><\/div><\/div><\/div><\/section><!-- Row Backgrounds --><div class=\"upb_color\" data-bg-override=\"0\" data-bg-color=\"#efefef\" data-fadeout=\"\" data-fadeout-percentage=\"30\" data-parallax-content=\"\" data-parallax-content-sense=\"30\" data-row-effect-mobile-disable=\"true\" data-img-parallax-mobile-disable=\"true\" data-rtl=\"false\"  data-custom-vc-row=\"\"  data-vc=\"5.1.1\"  data-is_old_vc=\"\"  data-theme-support=\"\"   data-overlay=\"false\" data-overlay-color=\"\" data-overlay-pattern=\"\" data-overlay-pattern-opacity=\"\" data-overlay-pattern-size=\"\"    ><\/div><section class=\"l-section wpb_row height_auto\" style=\"margin-top: 0px !important;\"><div class=\"l-section-h i-cf\"><div class=\"g-cols type_default valign_top\"><div class=\"vc_col-sm-12 wpb_column vc_column_container\"><div class=\"vc_column-inner\"><div class=\"wpb_wrapper\">[vc_empty_space height=&#8221;20px&#8221;]\n\t<div class=\"wpb_text_column \">\n\t\t<div class=\"wpb_wrapper\">\n\t\t\t<p>\u0130\u015f G\u00fcvenli\u011fi Kanunu ve ilgili y\u00f6netmeliklerde zorunlu tutulan ve i\u015fyerinin durumuna g\u00f6re istenen bu \u00f6l\u00e7\u00fcmlerde \u00a0A\u011f\u0131r Metal \u00f6l\u00e7\u00fcm ve analizleri (Sb, As, Ba, Be, Cd, Cr, Co, Cu, Pb, Mn, Hg, Ni, Ag, Tl, Zn) m\u00fchendislerimizce yap\u0131lmakta ve a\u011f\u0131r metal durumu raporlanmaktad\u0131r.<\/p>\n<ol>\n<li>Kur\u015fun<\/li>\n<li>Kadmiyum<\/li>\n<li>Civa<\/li>\n<li>Aluminyum<\/li>\n<li>Arsenin<\/li>\n<li>Krom<\/li>\n<\/ol>\n<p>Durumu ve y\u00fczdelerine bak\u0131l\u0131r. Peki bu metaller nas\u0131l zararlar verebilirler k\u0131saca bahsedecek olursak, Kur\u015funun insan kemikleirnde eski insanlara g\u00f6re en az 500 kat daha fazla kur\u015fun bulundu\u011funu ve kemiklerde biriken bu kur\u015funun b\u00f6breklerde tahribata, beyin ve sinir sistemlerinde hastal\u0131k derecesinde etkilenmelere, anemiye, kan bas\u0131nc\u0131nda ve gaz\u0131nda anormalliklere, kad\u0131nlarda d\u00fc\u015f\u00fcklere, \u00e7ocuklarda davran\u0131\u015f bozuklu\u011fu, \u00f6\u011frenme g\u00fc\u00e7l\u00fc\u011f\u00fcne neden olmaktad\u0131r. Ve ne yaz\u0131k ki v\u00fccuttan at\u0131lma \u015fans\u0131 da yoktur.<\/p>\n<p>Kadmiyum en tehlikeli ve toksik maddelerden biridir. \u0130shal, kar\u0131n a\u011fr\u0131s\u0131, kemik k\u0131r\u0131lmalar\u0131, \u00fcreme bozukluklar\u0131 ve ba\u011f\u0131\u015f\u0131kl\u0131k sisteminde hasar meydana getirir. Civa Sinir sisteminin bozulmas\u0131n\u0131 sa\u011flayan en a\u011f\u0131r metallerden biridir. Aluminyum akci\u011fer ve sinir sistemine ve dolay\u0131s\u0131 ile akci\u011fer kanserine neden olmaktad\u0131r. Arsenik solundu\u011funda g\u00fc\u00e7l\u00fc bir kanserojen olan arsenik ba\u011f\u0131rsaklar\u0131 ve karci\u011feri tahrip eder, kromda kan dola\u015f\u0131m\u0131, b\u00f6brek, karaci\u011fer hasarlar\u0131na \u015fimdi olmasa bile ileriki y\u0131llarda \u00e7aresi olmayan meslek hastal\u0131klar\u0131na neden olabilir.<\/p>\n\n\t\t<\/div>\n\t<\/div>\n[vc_empty_space height=&#8221;10px&#8221;]<\/div><\/div><\/div><\/div><\/div><\/section>\n","protected":false},"excerpt":{"rendered":"[vc_empty_space height=\"20px\"][vc_empty_space height=\"8px\"][vc_custom_heading text=\"\u0130\u015fyeri Elektrik &amp; Mekanik Periyodik Kontrolleri hususunda P\u0130NTEST uzman kadrosu ile \u00f6l\u00e7\u00fcm, analiz ve \u00e7ok h\u0131zl\u0131 raporlama hizmeti ile yan\u0131n\u0131zda.\" font_container=\"tag:p|text_align:left\" google_fonts=\"font_family:Open%20Sans%3A300%2C300italic%2Cregular%2Citalic%2C600%2C600italic%2C700%2C700italic%2C800%2C800italic|font_style:300%20light%20italic%3A300%3Aitalic\" css=\".vc_custom_1697119055686{margin-top: -20px !important;}\"][vc_empty_space height=\"10px\"][vc_empty_space height=\"10px\"][vc_custom_heading text=\"Bizi Takip Edin\" font_container=\"tag:h5|text_align:left\" google_fonts=\"font_family:Open%20Sans%3A300%2C300italic%2Cregular%2Citalic%2C600%2C600italic%2C700%2C700italic%2C800%2C800italic|font_style:400%20regular%3A400%3Anormal\"] Facebook Twitter LinkedIn Instagram [vc_empty_space height=\"10px\"][vc_empty_space height=\"20px\"]mailinfo@pintest.com.tr[vc_empty_space height=\"5px\"]phone0212 945 88 45[vc_empty_space height=\"5px\"]smartphone0505 745 88 45[vc_empty_space height=\"5px\"]print0212 945 88 45[vc_empty_space height=\"15px\"][vc_empty_space...","protected":false},"author":4,"featured_media":0,"parent":0,"menu_order":0,"comment_status":"closed","ping_status":"closed","template":"","meta":{"om_disable_all_campaigns":false,"_monsterinsights_skip_tracking":false,"_monsterinsights_sitenote_active":false,"_monsterinsights_sitenote_note":"","_monsterinsights_sitenote_category":0,"_uf_show_specific_survey":0,"_uf_disable_surveys":false,"footnotes":""},"aioseo_notices":[],"yoast_head":"<!-- This site is optimized with the Yoast SEO plugin v21.3 - https:\/\/yoast.com\/wordpress\/plugins\/seo\/ -->\n<title>A\u011eIR METAL \u00d6L\u00c7\u00dcM\u00dc - Pintest - Uygunluk De\u011ferlendirme Kurulu\u015fu<\/title>\n<meta name=\"robots\" content=\"index, follow, max-snippet:-1, max-image-preview:large, max-video-preview:-1\" \/>\n<link rel=\"canonical\" href=\"https:\/\/pintest.info.tr\/?page_id=23315\" \/>\n<meta property=\"og:locale\" content=\"tr_TR\" \/>\n<meta property=\"og:type\" content=\"article\" \/>\n<meta property=\"og:title\" content=\"A\u011eIR METAL \u00d6L\u00c7\u00dcM\u00dc - Pintest - Uygunluk De\u011ferlendirme Kurulu\u015fu\" \/>\n<meta property=\"og:url\" content=\"https:\/\/pintest.info.tr\/?page_id=23315\" \/>\n<meta property=\"og:site_name\" content=\"Pintest - Uygunluk De\u011ferlendirme Kurulu\u015fu\" \/>\n<meta property=\"article:modified_time\" content=\"2020-04-30T11:36:17+00:00\" \/>\n<meta name=\"twitter:card\" content=\"summary_large_image\" \/>\n<meta name=\"twitter:label1\" content=\"Tahmini okuma s\u00fcresi\" \/>\n\t<meta name=\"twitter:data1\" content=\"2 dakika\" \/>\n<script type=\"application\/ld+json\" class=\"yoast-schema-graph\">{\"@context\":\"https:\/\/schema.org\",\"@graph\":[{\"@type\":\"WebPage\",\"@id\":\"https:\/\/pintest.info.tr\/?page_id=23315\",\"url\":\"https:\/\/pintest.info.tr\/?page_id=23315\",\"name\":\"A\u011eIR METAL \u00d6L\u00c7\u00dcM\u00dc - Pintest - Uygunluk De\u011ferlendirme Kurulu\u015fu\",\"isPartOf\":{\"@id\":\"https:\/\/pintest.info.tr\/#website\"},\"datePublished\":\"2017-10-10T20:01:51+00:00\",\"dateModified\":\"2020-04-30T11:36:17+00:00\",\"inLanguage\":\"tr\",\"potentialAction\":[{\"@type\":\"ReadAction\",\"target\":[\"https:\/\/pintest.info.tr\/?page_id=23315\"]}]},{\"@type\":\"WebSite\",\"@id\":\"https:\/\/pintest.info.tr\/#website\",\"url\":\"https:\/\/pintest.info.tr\/\",\"name\":\"Pintest - Uygunluk De\u011ferlendirme Kurulu\u015fu\",\"description\":\"Periyodik Kontrol &amp; Ortam \u00d6l\u00e7\u00fcmleri\",\"potentialAction\":[{\"@type\":\"SearchAction\",\"target\":{\"@type\":\"EntryPoint\",\"urlTemplate\":\"https:\/\/pintest.info.tr\/?s={search_term_string}\"},\"query-input\":\"required name=search_term_string\"}],\"inLanguage\":\"tr\"}]}<\/script>\n<!-- \/ Yoast SEO plugin. -->","yoast_head_json":{"title":"A\u011eIR METAL \u00d6L\u00c7\u00dcM\u00dc - Pintest - Uygunluk De\u011ferlendirme Kurulu\u015fu","robots":{"index":"index","follow":"follow","max-snippet":"max-snippet:-1","max-image-preview":"max-image-preview:large","max-video-preview":"max-video-preview:-1"},"canonical":"https:\/\/pintest.info.tr\/?page_id=23315","og_locale":"tr_TR","og_type":"article","og_title":"A\u011eIR METAL \u00d6L\u00c7\u00dcM\u00dc - Pintest - Uygunluk De\u011ferlendirme Kurulu\u015fu","og_url":"https:\/\/pintest.info.tr\/?page_id=23315","og_site_name":"Pintest - Uygunluk De\u011ferlendirme Kurulu\u015fu","article_modified_time":"2020-04-30T11:36:17+00:00","twitter_card":"summary_large_image","twitter_misc":{"Tahmini okuma s\u00fcresi":"2 dakika"},"schema":{"@context":"https:\/\/schema.org","@graph":[{"@type":"WebPage","@id":"https:\/\/pintest.info.tr\/?page_id=23315","url":"https:\/\/pintest.info.tr\/?page_id=23315","name":"A\u011eIR METAL \u00d6L\u00c7\u00dcM\u00dc - Pintest - Uygunluk De\u011ferlendirme Kurulu\u015fu","isPartOf":{"@id":"https:\/\/pintest.info.tr\/#website"},"datePublished":"2017-10-10T20:01:51+00:00","dateModified":"2020-04-30T11:36:17+00:00","inLanguage":"tr","potentialAction":[{"@type":"ReadAction","target":["https:\/\/pintest.info.tr\/?page_id=23315"]}]},{"@type":"WebSite","@id":"https:\/\/pintest.info.tr\/#website","url":"https:\/\/pintest.info.tr\/","name":"Pintest - Uygunluk De\u011ferlendirme Kurulu\u015fu","description":"Periyodik Kontrol &amp; Ortam \u00d6l\u00e7\u00fcmleri","potentialAction":[{"@type":"SearchAction","target":{"@type":"EntryPoint","urlTemplate":"https:\/\/pintest.info.tr\/?s={search_term_string}"},"query-input":"required name=search_term_string"}],"inLanguage":"tr"}]}},"_links":{"self":[{"href":"https:\/\/pintest.info.tr\/index.php?rest_route=\/wp\/v2\/pages\/23315"}],"collection":[{"href":"https:\/\/pintest.info.tr\/index.php?rest_route=\/wp\/v2\/pages"}],"about":[{"href":"https:\/\/pintest.info.tr\/index.php?rest_route=\/wp\/v2\/types\/page"}],"author":[{"embeddable":true,"href":"https:\/\/pintest.info.tr\/index.php?rest_route=\/wp\/v2\/users\/4"}],"replies":[{"embeddable":true,"href":"https:\/\/pintest.info.tr\/index.php?rest_route=%2Fwp%2Fv2%2Fcomments&post=23315"}],"version-history":[{"count":0,"href":"https:\/\/pintest.info.tr\/index.php?rest_route=\/wp\/v2\/pages\/23315\/revisions"}],"wp:attachment":[{"href":"https:\/\/pintest.info.tr\/index.php?rest_route=%2Fwp%2Fv2%2Fmedia&parent=23315"}],"curies":[{"name":"wp","href":"https:\/\/api.w.org\/{rel}","templated":true}]}}