{"id":25364,"date":"2024-11-12T15:02:50","date_gmt":"2024-11-12T12:02:50","guid":{"rendered":"https:\/\/pintest.info.tr\/?page_id=25364"},"modified":"2025-10-21T08:29:17","modified_gmt":"2025-10-21T05:29:17","slug":"akreditasyon","status":"publish","type":"page","link":"https:\/\/pintest.info.tr\/?page_id=25364","title":{"rendered":"YETK\u0130 BELGELER\u0130M\u0130Z"},"content":{"rendered":"<p><img decoding=\"async\" loading=\"lazy\" class=\"alignnone size-medium wp-image-25357\" src=\"https:\/\/pintest.info.tr\/wp-content\/uploads\/2024\/11\/17020-TURKAK-AKREDITASYON-SERTIFIKASI-232x300.png\" alt=\"\" width=\"232\" height=\"300\" srcset=\"https:\/\/pintest.info.tr\/wp-content\/uploads\/2024\/11\/17020-TURKAK-AKREDITASYON-SERTIFIKASI-232x300.png 232w, https:\/\/pintest.info.tr\/wp-content\/uploads\/2024\/11\/17020-TURKAK-AKREDITASYON-SERTIFIKASI-791x1024.png 791w, https:\/\/pintest.info.tr\/wp-content\/uploads\/2024\/11\/17020-TURKAK-AKREDITASYON-SERTIFIKASI-768x995.png 768w, https:\/\/pintest.info.tr\/wp-content\/uploads\/2024\/11\/17020-TURKAK-AKREDITASYON-SERTIFIKASI-600x777.png 600w, https:\/\/pintest.info.tr\/wp-content\/uploads\/2024\/11\/17020-TURKAK-AKREDITASYON-SERTIFIKASI.png 833w\" sizes=\"(max-width: 232px) 100vw, 232px\" \/> <img decoding=\"async\" loading=\"lazy\" class=\"alignnone wp-image-25426 size-medium\" src=\"https:\/\/pintest.info.tr\/wp-content\/uploads\/2025\/10\/17025-TURKAK-AKREDITASYON-SERTIFIKASI-230x300.png\" alt=\"\" width=\"230\" height=\"300\" srcset=\"https:\/\/pintest.info.tr\/wp-content\/uploads\/2025\/10\/17025-TURKAK-AKREDITASYON-SERTIFIKASI-230x300.png 230w, https:\/\/pintest.info.tr\/wp-content\/uploads\/2025\/10\/17025-TURKAK-AKREDITASYON-SERTIFIKASI-600x781.png 600w, https:\/\/pintest.info.tr\/wp-content\/uploads\/2025\/10\/17025-TURKAK-AKREDITASYON-SERTIFIKASI.png 728w\" sizes=\"(max-width: 230px) 100vw, 230px\" \/> <img decoding=\"async\" loading=\"lazy\" class=\"alignnone wp-image-25427 size-medium\" src=\"https:\/\/pintest.info.tr\/wp-content\/uploads\/2025\/10\/ISGUM-LABORATUVAR-YETERLILIK-BELGESI-300x203.png\" alt=\"\" width=\"300\" height=\"203\" srcset=\"https:\/\/pintest.info.tr\/wp-content\/uploads\/2025\/10\/ISGUM-LABORATUVAR-YETERLILIK-BELGESI-300x203.png 300w, https:\/\/pintest.info.tr\/wp-content\/uploads\/2025\/10\/ISGUM-LABORATUVAR-YETERLILIK-BELGESI-1024x691.png 1024w, https:\/\/pintest.info.tr\/wp-content\/uploads\/2025\/10\/ISGUM-LABORATUVAR-YETERLILIK-BELGESI-768x518.png 768w, https:\/\/pintest.info.tr\/wp-content\/uploads\/2025\/10\/ISGUM-LABORATUVAR-YETERLILIK-BELGESI-600x405.png 600w, https:\/\/pintest.info.tr\/wp-content\/uploads\/2025\/10\/ISGUM-LABORATUVAR-YETERLILIK-BELGESI.png 1111w\" sizes=\"(max-width: 300px) 100vw, 300px\" \/> <img decoding=\"async\" loading=\"lazy\" class=\"alignnone wp-image-25428 size-medium\" src=\"https:\/\/pintest.info.tr\/wp-content\/uploads\/2025\/10\/CEVRE-BAKANLIGI-LABORATUVAR-YETERLILIK-BELGESI-300x216.png\" alt=\"\" width=\"300\" height=\"216\" srcset=\"https:\/\/pintest.info.tr\/wp-content\/uploads\/2025\/10\/CEVRE-BAKANLIGI-LABORATUVAR-YETERLILIK-BELGESI-300x216.png 300w, https:\/\/pintest.info.tr\/wp-content\/uploads\/2025\/10\/CEVRE-BAKANLIGI-LABORATUVAR-YETERLILIK-BELGESI-1024x739.png 1024w, https:\/\/pintest.info.tr\/wp-content\/uploads\/2025\/10\/CEVRE-BAKANLIGI-LABORATUVAR-YETERLILIK-BELGESI-768x554.png 768w, https:\/\/pintest.info.tr\/wp-content\/uploads\/2025\/10\/CEVRE-BAKANLIGI-LABORATUVAR-YETERLILIK-BELGESI-600x433.png 600w, https:\/\/pintest.info.tr\/wp-content\/uploads\/2025\/10\/CEVRE-BAKANLIGI-LABORATUVAR-YETERLILIK-BELGESI.png 1306w\" sizes=\"(max-width: 300px) 100vw, 300px\" \/><\/p>\n<p><strong>Sertifikay\u0131 g\u00f6r\u00fcnt\u00fclemek i\u00e7in t\u0131klay\u0131n\u0131z; <a href=\"https:\/\/asist.turkak.org.tr\/tr\/accreditation\/accreditation-certificate\/search\/2918c95d-87b7-4e99-919e-08dc55405ed2\">AS\u0130ST-Akreditasyon S\u00fcre\u00e7 \u0130\u015fletim Sistemi<\/a><\/strong><\/p>\n<p><strong>Sertifikay\u0131 g\u00f6r\u00fcnt\u00fclemek i\u00e7in t\u0131klay\u0131n\u0131z; <a href=\"https:\/\/asist.turkak.org.tr\/tr\/accreditation\/accreditation-certificate\/search\/c60f192b-5b02-49b6-0981-08dc95cccc5d\">AS\u0130ST-Akreditasyon S\u00fcre\u00e7 \u0130\u015fletim Sistemi<\/a><\/strong><\/p>\n<p><strong>\u0130SG\u00dcM Laboratuvar Yeterlilik Belgesini g\u00f6r\u00fcnt\u00fclemek i\u00e7in t\u0131klay\u0131n\u0131z; \u00a0<a href=\"https:\/\/drive.google.com\/file\/d\/1GB6gsAlF2RKbR_dP-ZRr-y84LoV2-E1l\/view?usp=drive_link\" target=\"_blank\" rel=\"noopener\">LAB-4934<\/a><\/strong><\/p>\n<p><strong>\u00c7evre Bakanl\u0131\u011f\u0131 Laboratuvar Yeterlilik Belgesini g\u00f6r\u00fcnt\u00fclemek i\u00e7in t\u0131klay\u0131n\u0131z; \u00a0<a href=\"https:\/\/drive.google.com\/file\/d\/1We9dcnwnur4w8gymuWB9DSZMaxNKluL1\/view\" target=\"_blank\" rel=\"noopener\">Y-34\/380\/2025<\/a><\/strong><\/p>\n","protected":false},"excerpt":{"rendered":"<p>Sertifikay\u0131 g\u00f6r\u00fcnt\u00fclemek i\u00e7in t\u0131klay\u0131n\u0131z; AS\u0130ST-Akreditasyon S\u00fcre\u00e7 \u0130\u015fletim Sistemi Sertifikay\u0131 g\u00f6r\u00fcnt\u00fclemek i\u00e7in t\u0131klay\u0131n\u0131z; AS\u0130ST-Akreditasyon S\u00fcre\u00e7 \u0130\u015fletim Sistemi \u0130SG\u00dcM Laboratuvar Yeterlilik Belgesini g\u00f6r\u00fcnt\u00fclemek i\u00e7in t\u0131klay\u0131n\u0131z; \u00a0LAB-4934 \u00c7evre Bakanl\u0131\u011f\u0131 Laboratuvar Yeterlilik Belgesini g\u00f6r\u00fcnt\u00fclemek i\u00e7in t\u0131klay\u0131n\u0131z; \u00a0Y-34\/380\/2025<\/p>\n","protected":false},"author":4,"featured_media":0,"parent":0,"menu_order":0,"comment_status":"closed","ping_status":"closed","template":"","meta":{"om_disable_all_campaigns":false,"_monsterinsights_skip_tracking":false,"_monsterinsights_sitenote_active":false,"_monsterinsights_sitenote_note":"","_monsterinsights_sitenote_category":0,"_uf_show_specific_survey":0,"_uf_disable_surveys":false,"footnotes":""},"aioseo_notices":[],"yoast_head":"<!-- This site is optimized with the Yoast SEO plugin v21.3 - https:\/\/yoast.com\/wordpress\/plugins\/seo\/ -->\n<title>YETK\u0130 BELGELER\u0130M\u0130Z - Pintest - Uygunluk De\u011ferlendirme Kurulu\u015fu<\/title>\n<meta name=\"robots\" content=\"index, follow, max-snippet:-1, max-image-preview:large, max-video-preview:-1\" \/>\n<link rel=\"canonical\" href=\"https:\/\/pintest.info.tr\/?page_id=25364\" \/>\n<meta property=\"og:locale\" content=\"tr_TR\" \/>\n<meta property=\"og:type\" content=\"article\" \/>\n<meta property=\"og:title\" content=\"YETK\u0130 BELGELER\u0130M\u0130Z - Pintest - Uygunluk De\u011ferlendirme Kurulu\u015fu\" \/>\n<meta property=\"og:description\" content=\"Sertifikay\u0131 g\u00f6r\u00fcnt\u00fclemek i\u00e7in t\u0131klay\u0131n\u0131z; AS\u0130ST-Akreditasyon S\u00fcre\u00e7 \u0130\u015fletim Sistemi Sertifikay\u0131 g\u00f6r\u00fcnt\u00fclemek i\u00e7in t\u0131klay\u0131n\u0131z; AS\u0130ST-Akreditasyon S\u00fcre\u00e7 \u0130\u015fletim Sistemi \u0130SG\u00dcM Laboratuvar Yeterlilik Belgesini g\u00f6r\u00fcnt\u00fclemek i\u00e7in t\u0131klay\u0131n\u0131z; \u00a0LAB-4934 \u00c7evre Bakanl\u0131\u011f\u0131 Laboratuvar Yeterlilik Belgesini g\u00f6r\u00fcnt\u00fclemek i\u00e7in t\u0131klay\u0131n\u0131z; \u00a0Y-34\/380\/2025\" \/>\n<meta property=\"og:url\" content=\"https:\/\/pintest.info.tr\/?page_id=25364\" \/>\n<meta property=\"og:site_name\" content=\"Pintest - Uygunluk De\u011ferlendirme Kurulu\u015fu\" \/>\n<meta property=\"article:modified_time\" content=\"2025-10-21T05:29:17+00:00\" \/>\n<meta property=\"og:image\" content=\"https:\/\/pintest.info.tr\/wp-content\/uploads\/2024\/11\/17020-TURKAK-AKREDITASYON-SERTIFIKASI-232x300.png\" \/>\n<meta name=\"twitter:card\" content=\"summary_large_image\" \/>\n<meta name=\"twitter:label1\" content=\"Tahmini okuma s\u00fcresi\" \/>\n\t<meta name=\"twitter:data1\" content=\"1 dakika\" \/>\n<script type=\"application\/ld+json\" class=\"yoast-schema-graph\">{\"@context\":\"https:\/\/schema.org\",\"@graph\":[{\"@type\":\"WebPage\",\"@id\":\"https:\/\/pintest.info.tr\/?page_id=25364\",\"url\":\"https:\/\/pintest.info.tr\/?page_id=25364\",\"name\":\"YETK\u0130 BELGELER\u0130M\u0130Z - Pintest - Uygunluk De\u011ferlendirme Kurulu\u015fu\",\"isPartOf\":{\"@id\":\"https:\/\/pintest.info.tr\/#website\"},\"datePublished\":\"2024-11-12T12:02:50+00:00\",\"dateModified\":\"2025-10-21T05:29:17+00:00\",\"inLanguage\":\"tr\",\"potentialAction\":[{\"@type\":\"ReadAction\",\"target\":[\"https:\/\/pintest.info.tr\/?page_id=25364\"]}]},{\"@type\":\"WebSite\",\"@id\":\"https:\/\/pintest.info.tr\/#website\",\"url\":\"https:\/\/pintest.info.tr\/\",\"name\":\"Pintest - Uygunluk De\u011ferlendirme Kurulu\u015fu\",\"description\":\"Periyodik Kontrol &amp; Ortam \u00d6l\u00e7\u00fcmleri\",\"potentialAction\":[{\"@type\":\"SearchAction\",\"target\":{\"@type\":\"EntryPoint\",\"urlTemplate\":\"https:\/\/pintest.info.tr\/?s={search_term_string}\"},\"query-input\":\"required name=search_term_string\"}],\"inLanguage\":\"tr\"}]}<\/script>\n<!-- \/ Yoast SEO plugin. -->","yoast_head_json":{"title":"YETK\u0130 BELGELER\u0130M\u0130Z - Pintest - Uygunluk De\u011ferlendirme Kurulu\u015fu","robots":{"index":"index","follow":"follow","max-snippet":"max-snippet:-1","max-image-preview":"max-image-preview:large","max-video-preview":"max-video-preview:-1"},"canonical":"https:\/\/pintest.info.tr\/?page_id=25364","og_locale":"tr_TR","og_type":"article","og_title":"YETK\u0130 BELGELER\u0130M\u0130Z - Pintest - Uygunluk De\u011ferlendirme Kurulu\u015fu","og_description":"Sertifikay\u0131 g\u00f6r\u00fcnt\u00fclemek i\u00e7in t\u0131klay\u0131n\u0131z; AS\u0130ST-Akreditasyon S\u00fcre\u00e7 \u0130\u015fletim Sistemi Sertifikay\u0131 g\u00f6r\u00fcnt\u00fclemek i\u00e7in t\u0131klay\u0131n\u0131z; AS\u0130ST-Akreditasyon S\u00fcre\u00e7 \u0130\u015fletim Sistemi \u0130SG\u00dcM Laboratuvar Yeterlilik Belgesini g\u00f6r\u00fcnt\u00fclemek i\u00e7in t\u0131klay\u0131n\u0131z; \u00a0LAB-4934 \u00c7evre Bakanl\u0131\u011f\u0131 Laboratuvar Yeterlilik Belgesini g\u00f6r\u00fcnt\u00fclemek i\u00e7in t\u0131klay\u0131n\u0131z; \u00a0Y-34\/380\/2025","og_url":"https:\/\/pintest.info.tr\/?page_id=25364","og_site_name":"Pintest - Uygunluk De\u011ferlendirme Kurulu\u015fu","article_modified_time":"2025-10-21T05:29:17+00:00","og_image":[{"url":"https:\/\/pintest.info.tr\/wp-content\/uploads\/2024\/11\/17020-TURKAK-AKREDITASYON-SERTIFIKASI-232x300.png"}],"twitter_card":"summary_large_image","twitter_misc":{"Tahmini okuma s\u00fcresi":"1 dakika"},"schema":{"@context":"https:\/\/schema.org","@graph":[{"@type":"WebPage","@id":"https:\/\/pintest.info.tr\/?page_id=25364","url":"https:\/\/pintest.info.tr\/?page_id=25364","name":"YETK\u0130 BELGELER\u0130M\u0130Z - Pintest - Uygunluk De\u011ferlendirme Kurulu\u015fu","isPartOf":{"@id":"https:\/\/pintest.info.tr\/#website"},"datePublished":"2024-11-12T12:02:50+00:00","dateModified":"2025-10-21T05:29:17+00:00","inLanguage":"tr","potentialAction":[{"@type":"ReadAction","target":["https:\/\/pintest.info.tr\/?page_id=25364"]}]},{"@type":"WebSite","@id":"https:\/\/pintest.info.tr\/#website","url":"https:\/\/pintest.info.tr\/","name":"Pintest - Uygunluk De\u011ferlendirme Kurulu\u015fu","description":"Periyodik Kontrol &amp; Ortam \u00d6l\u00e7\u00fcmleri","potentialAction":[{"@type":"SearchAction","target":{"@type":"EntryPoint","urlTemplate":"https:\/\/pintest.info.tr\/?s={search_term_string}"},"query-input":"required name=search_term_string"}],"inLanguage":"tr"}]}},"_links":{"self":[{"href":"https:\/\/pintest.info.tr\/index.php?rest_route=\/wp\/v2\/pages\/25364"}],"collection":[{"href":"https:\/\/pintest.info.tr\/index.php?rest_route=\/wp\/v2\/pages"}],"about":[{"href":"https:\/\/pintest.info.tr\/index.php?rest_route=\/wp\/v2\/types\/page"}],"author":[{"embeddable":true,"href":"https:\/\/pintest.info.tr\/index.php?rest_route=\/wp\/v2\/users\/4"}],"replies":[{"embeddable":true,"href":"https:\/\/pintest.info.tr\/index.php?rest_route=%2Fwp%2Fv2%2Fcomments&post=25364"}],"version-history":[{"count":5,"href":"https:\/\/pintest.info.tr\/index.php?rest_route=\/wp\/v2\/pages\/25364\/revisions"}],"predecessor-version":[{"id":25430,"href":"https:\/\/pintest.info.tr\/index.php?rest_route=\/wp\/v2\/pages\/25364\/revisions\/25430"}],"wp:attachment":[{"href":"https:\/\/pintest.info.tr\/index.php?rest_route=%2Fwp%2Fv2%2Fmedia&parent=25364"}],"curies":[{"name":"wp","href":"https:\/\/api.w.org\/{rel}","templated":true}]}}